. Calculate n(j).
7
Let l(w) = w - 2*w - 10 + 2*w. Let f = -37248 - -37257. Calculate l(f).
-1
Let o(l) = l**2 + 3*l + 6. Let u be 2 - (-12)/(-5)*80/(-4). Let m = -52 + u. Let y be (-2 + 4)*5/m. Give o(y).
16
Let y(j) = j**2 - 8*j + 8. Suppose -5*b - f + 27 = 0, -4*b + 4 = 11*f - 8*f. What is y(b)?
1
Suppose 145 - 742 = -136*o - 63*o. Let u(n) be the second derivative of 1/2*n**2 + 0 + n + 0*n**4 + 0*n**o - 1/2*n**5. What is u(-1)?
11
Let m be (3 - -3)/(15/(-10)). Let u be (-4)/(m/(-12)*-3). Let h(y) = u + 6*y + 1 - 2*y**2 + 2. What is h(5)?
-13
Let a(x) = x**3 + 13*x**2 + 43*x + 6. Let r = 3478 + -3485. Calculate a(r).
-1
Let r(c) = -c**2 - 6*c - 5. Let p be r(-4). Let x(a) = 3*a**3 + 2 + a**3 - p*a**3 + a. Suppose -17*o + 17*o + 12*o = 0. Give x(o).
2
Let o = 438 - 438. Let r be (-1)/(2/(o - 6)). Let v(p) = p**3 - 3*p**2 + 2. Give v(r).
2
Suppose -23*i = -2226 + 2203. Let d(q) = -47*q + 4. Give d(i).
-43
Let p = 6644 - 6655. Let r(c) = c + 19. Calculate r(p).
8
Suppose 0 = -61*u + 16*u + 90. Let x(m) = 8 + 0 - u*m**2 + 3 - 2 - 5*m. Calculate x(-4).
-3
Let k(o) = -11*o + 11*o**2 - 2*o + 10*o + 5*o - 10*o**2 - 9. Determine k(4).
15
Let i(b) be the second derivative of -b**4/4 - 13*b**3/2 - 11*b**2 + 17*b - 137. Determine i(-13).
-22
Let q(j) = j**3 - 13*j**2 + 12*j - 12. Suppose -5*x = -4*z + 48, 0 = 80*z - 79*z - 5*x - 12. Give q(z).
-12
Let t(j) = -17*j**3 - 5*j**2 - j + 22. Let n(m) = 77*m**3 + 20*m**2 + 5*m - 93. Let k(o) = 2*n(o) + 9*t(o). Give k(5).
17
Let v(z) = -z**2 - 86*z + 63. Let n(u) = 3*u**2 + 270*u - 203. Let w(t) = -6*n(t) - 19*v(t). Let f = 6 - 18. Calculate w(f).
-3
Let n(g) = 17*g + 13. Let q(p) = -12*p - 8. Let h(t) = 5*n(t) + 8*q(t). Let v(a) = -a**3 - 3*a**2 + 2. Let l be v(1). Calculate h(l).
23
Let o(q) be the third derivative of 5*q**4/6 + 10*q**3/3 + q**2 - 438*q - 2. Give o(3).
80
Let b(v) = 19*v**3 - 40*v**2 - 8*v - 12. Let p(i) = -7*i**3 + 14*i**2 + 3*i + 4. Let q = 59 - 56. Let z(o) = q*b(o) + 8*p(o). What is z(8)?
-4
Let t(z) = z**2 + 3*z - 19. Let r be t(-8). Let h(c) be the third derivative of c**4/24 - 13*c**3/3 + 1819*c**2. Give h(r).
-5
Let d(h) = 6*h + 511 - 511 + 2*h**2. Let k(v) = -3*v - 5. Let p be k(-3). Suppose 2*i + 5 = -z, 5*z = -p*i + 3 - 4. Determine d(i).
8
Let y be ((-2)/(-8))/(2/40) + -2. Let j(u) be the second derivative of -u**5/20 + u**4/6 + u**3/6 + u**2/2 + 661*u - 2. Give j(y).
-5
Let c(z) be the first derivative of 2/3*z**3 + 49 - 1/4*z**4 + 2*z - 3/2*z**2. What is c(2)?
-4
Let h(c) = -c**2 - 39*c - 21. Let f(o) = o**2 - 95*o - 1442. Let t be f(108). Calculate h(t).
17
Let l be 1*(-2)/2 - -7. Let s(n) be the first derivative of 1/3*n**3 - 2*n**2 - 271 - n. Calculate s(l).
11
Let d be ((10 + 4)/70)/((-3)/(-90)). Let y(x) = 12*x - 74. Determine y(d).
-2
Let a(t) be the second derivative of 27 + 3*t**2 - 1/2*t**3 + 2*t. Determine a(3).
-3
Let y(u) be the second derivative of u**5/10 + u**3/6 + 7*u**2 + 2*u + 1441. Determine y(0).
14
Let s(n) = 2*n**2 - 11*n + 12. Let r(v) = 6*v**2 - 33*v + 39. Let z(u) = 2*r(u) - 7*s(u). Give z(7).
-27
Suppose 9100*j + 15 = 9097*j. Let k(p) = 20*p + 1. Let m(w) = 5*w. Let l(y) = 2*k(y) - 9*m(y). Calculate l(j).
27
Let i(u) be the first derivative of -2*u**3/3 - 2*u**2 - 4*u - 280. What is i(-3)?
-10
Let q(j) be the first derivative of 2*j**3/3 - 5*j**2/2 - 2*j + 2738. Suppose 0 = 5*i - 3*a - 32 + 7, 0 = -4*i - a + 20. Calculate q(i).
23
Let c(s) be the first derivative of -1/2*s**2 - 7/3*s**3 + 1/4*s**4 - 11 + s. Give c(7).
-6
Let y be (-1)/(-2 + 1) - 29. Let a = y + 1. Let i be 504/81 - (-6)/a. Let r(b) = b**3 - 5*b**2 - 4*b - 4. Give r(i).
8
Let i(b) = -2*b**3 + 6*b**2 + 6*b + 8. Let c = -61 + 58. Let h(m) = 3*m**3 - 6*m**2 - 7*m - 9. Let l(o) = c*h(o) - 4*i(o). What is l(-6)?
13
Let u = -14 + 38. Let z be ((-4)/(-8))/(3/u). Let h(k) = -9*k + 15. Let y(c) = 5*c - 8. Let n(j) = z*h(j) + 7*y(j). What is n(3)?
1
Let c(n) = -1757*n + 5284. Let v be c(3). Let i(y) = y**3 - 12*y**2 - 14*y + 9. Determine i(v).
-4
Let h(n) = -13*n - 21. Let y be h(6). Let r = -101 - y. Let q(p) = -2*p**2 - 2*p. What is q(r)?
-4
Let k be 18/7 + 5 + 224/(-49). Let j(y) = -k*y + y**2 - 10 - 9 + 5*y**2 - y**3 + 23. Determine j(5).
14
Let f be (-10 - -7) + -4*2. Let v(u) = u**2 - 23*u + 9. Let s(l) = -2*l**2 + 55*l - 18. Let z(w) = -4*s(w) - 9*v(w). Calculate z(f).
13
Let y(h) = -19*h - 161. Let r be y(-18). Suppose -182*d + r*d = -6. Let m(b) = -b + 6. Determine m(d).
0
Let h = 46 - -72. Suppose 20*j + 2 = -h. Let d(x) = x**2 + 5*x + 3. Let v(t) = -t**2 - 4*t - 3. Let r(z) = -4*d(z) - 3*v(z). Calculate r(j).
9
Let o = -66 - -24. Let i(f) = f**2 + 43*f + 65. Give i(o).
23
Suppose 74*p - 300 = -16*p - 60*p. Let n(y) = 4*y**2 - 11*y + 4. Give n(p).
-2
Suppose 4*r = -2*j - 2, -r = 3*r - 4*j - 4. Suppose 4*i - 3*y + 4 = -r, -5*i - 5 = -4*y. Let x(q) = 8 - 23 - 4*q - 23 + 37. What is x(i)?
3
Let h(c) = c**2 + 10*c + 9. Suppose 2*n = 4*m + 38 - 6, 4*m - 16 = -2*n. Suppose n*y + 2 - 38 = 0. Suppose -s - w = y + 1, -2*w = -3*s - 22. Calculate h(s).
-15
Let m(a) = 940*a**3 - 1876*a**3 + 35*a**2 - 97*a + 935*a**3 + 28. Give m(32).
-4
Let z(h) = h - 4. Let o be 10/(-5)*6*(-10)/8. Suppose -6*s + 3 = -o. Suppose 5*n + 5 = -5*a, s*n + 7*a = 3*a + 2. Give z(n).
-10
Let o(c) = 3*c**2 - 3*c. Let r(a) = -a**3 + 3*a**2 + 11*a - 6. Let t(x) = o(x) + r(x). Let k = -16 + 23. Give t(k).
1
Let w(u) = u**3 + 11*u**2 + 11*u + 14. Let z be w(-10). Suppose 0 = -z*t + 2*i - 19 - 11, 3*t + 39 = -4*i. Let g(h) = h**2 + 8*h - 5. What is g(t)?
4
Let z(k) = -2*k**2 - 30*k + 12. Suppose -180*y - 240 = -165*y. What is z(y)?
-20
Let d(s) = 22*s + 11. Let h be 2 - -6*(-7 + (-140)/(-21)). Determine d(h).
11
Let q(r) be the first derivative of 3*r**2/2 - 11*r - 17. Let w(l) = l**3 + 6*l**2 - 5*l - 11. Let t be w(-6). Suppose 6*k - t - 35 = 0. Calculate q(k).
16
Let l(c) = -c**2 - 2*c + 2. Let m = 8 + -9. Let y be (-378)/63 + m/(-1). Calculate l(y).
-13
Let i(s) be the second derivative of -s**6/120 - s**5/30 + 37*s**4/6 - 4*s + 23. Let n(w) be the third derivative of i(w). Calculate n(-5).
26
Let j(y) = 2*y**2 - 3*y + 29. Suppose 3*k = 5*p + 24, 4*p - 2*k + 121 - 105 = 0. What is j(p)?
29
Let p(o) be the second derivative of 22*o**3/3 + 85*o**2/2 + 13328*o. Give p(-2).
-3
Let j be (-3)/30 - (9 - (-7)/(-70)). Let k(n) = -5*n + 10. What is k(j)?
55
Let g(m) = -3 + 302*m + 2 - 611*m + 311*m. Let k = 13 - 9. Suppose -j - 4*o + 14 = 0, k*j - o - 2*o + 20 = 0. What is g(j)?
-5
Let y be (6/(-15))/((-1)/(-5)). Suppose -4*m + 9*m - 22 = -3*o, m + o = 6. Let k(a) = a**m + 0*a**2 + 1515*a - 1516*a + 1. Calculate k(y).
7
Let k(d) be the second derivative of -32*d + 5/6*d**3 - 3/2*d**2 + 0 - 1/12*d**4. Determine k(6).
-9
Let w = -219 + 209. Let a(o) = o**2 + 19*o + 10. Let z(f) = f**2 + 21*f + 10. Let j(t) = -5*a(t) + 4*z(t). Give j(w).
0
Let b = 4 - -3. Let p(h) = 2*h**3 + h**2 - 5*h + 2. Let o be p(0). Let d(y) = -426*y**2 + 0*y**3 - y + 850*y**o - 431*y**2 + 7 - 3 + y**3. Determine d(b).
-3
Let t(q) = -7*q**2 - 13*q - 5. Let s = -12455 + 12450. Calculate t(s).
-115
Let k(h) be the first derivative of 11*h**3/3 + 2. Let f(q) = -19*q - 11. Let m be f(-2). Suppose 0 = m*a - 31*a - 4. Give k(a).
11
Let v(p) = -12 + 399*p - 105*p - 84*p - 104*p - 101*p. What is v(0)?
-12
Let q(g) be the first derivative of g**2 + 36*g + 161. What is q(-7)?
22
Let p(x) = -x**3 - 8*x**2 + 13*x + 6. Let n(i) be the third derivative of -i**5/60 + 5*i**4/12 - 3*i**3 + 2*i**2 - 36. Let y be n(9). What is p(y)?
-30
Let d(l) be the second derivative of l**5/20 - l**4/6 - 7*l**3/6 + 9*l**2/2 - 1718*l. Give d(0).
9
Suppose 24*g - 45*g + 34*g - 299 = 0. Let m(b) = b**2 - 21*b - 64. What is m(g)?
-18
Let w(f) be the third derivative of f**6/120 + f**4/24 - 5*f**3/6 - 20*f**2 - 2*f. Let d(g) = -2*g - 18. Let o be d(-9). Give w(o).
-5
Let t(n) = n**3 - 4*n**2 - 10*n - 1. Suppose -i + 3 = -2. Give t(i).
-26
Suppose 8*c = -c + 378. Let d(m) = -50*m - c*m + 76*m. What is d(-1)?
16
Let h(u) = 99*u - 777. Let b be h(8). Let o(a) = -4*a - 14. Give o(b).
-74
Let l = 181 + -134. Let c(s) = 5*s + 6 + 31 - l. What is c(3)?
5
Suppose 3*w + 5 = 2*w. Let o(v) = 7 - 6*v + 0*v + 2 + 14*v - 7*v. What is o(w)?
4
Let o(r) = 0*r**2 - 3*r + 7*r**2 + 3 - 14*r**2 + 8*r**2. Let y = 94 - 